e n(150).
-6
Let r(s) = -56*s - 208. Give r(-4).
16
Let j(a) = 18*a - 134. Give j(8).
10
Let d(q) = -2*q**2 + 243*q + 8358. Give d(-28).
-14
Let w(u) = 5*u**2 + 12*u - 3976. Determine w(27).
-7
Let j(m) = -291*m - 23286. Determine j(-80).
-6
Let p(q) = 6*q**3 + 162*q**2 - q - 37. Give p(-27).
-10
Let w(v) = -24*v**2 - 232*v + 74. Determine w(-10).
-6
Let u(k) = -19*k + 1166. Determine u(63).
-31
Let t(j) = j**2 + 7*j - 18. Give t(-9).
0
Let c(s) = s**3 - 35*s**2 + 66*s + 6. What is c(33)?
6
Let s(z) = -23*z**2 - 78*z - 47. What is s(-2)?
17
Let g(p) = -28*p + 427. Determine g(17).
-49
Let v(d) = 133*d + 2150. Calculate v(-16).
22
Let l(s) = 4*s**2 - 12*s - 115. Give l(7).
-3
Let q(x) = x**3 - 5*x**2 + x - 1. Determine q(-6).
-403
Let r(d) = 20*d + 31. Determine r(-3).
-29
Let t(p) = -3*p**2 + 70*p - 282. Give t(22).
-194
Let h(s) = 5*s**3 + 32*s**2 + 128*s - 2. What is h(-4)?
-322
Let h(i) = -i**2 + 20*i + 948. Give h(42).
24
Let o(b) = -b**3 + 7*b**2 - 7516*b + 60194. What is o(8)?
2
Let n(a) = -144*a**2 + 27*a - 32. Calculate n(1).
-149
Let m(i) = 18*i**2 + 1004*i + 3538. Calculate m(-52).
2
Let u(m) = -m**3 + 9*m**2 + 4*m - 40. Calculate u(4).
56
Let h(a) = 29*a - 215. Determine h(14).
191
Let x(o) = 1244*o + 11207. Calculate x(-9).
11
Let g(y) = y**2 + 564*y - 1129. Determine g(2).
3
Let g(t) = -67*t - 801. Calculate g(-17).
338
Let k(s) = -2*s**3 + 28*s**2 + 20*s + 17. Give k(15).
-133
Let l(z) = 65*z - 1881. Determine l(29).
4
Let c(i) = -i**2 + 67433*i - 404557. What is c(6)?
5
Let z(f) = -12*f**3 + 4*f**2 - 5*f + 11. Determine z(2).
-79
Let d(g) = -g**3 - 5*g**2 + 6*g + 16. What is d(-5)?
-14
Let s(j) = -j**2 - 52*j + 1417. Determine s(19).
68
Let p(a) = 2*a**2 + 86*a + 608. What is p(-34)?
-4
Let a(g) = -16*g**2 + 160*g + 30. Calculate a(9).
174
Let d(i) = -69*i + 1783. Determine d(26).
-11
Let a(x) = 59*x + 2116. What is a(-35)?
51
Let o(l) = -l**2 + 2168*l + 15236. What is o(-7)?
11
Let r(k) = 2*k**2 - 130*k + 269. Calculate r(2).
17
Let q(l) = 7*l + 41. Calculate q(14).
139
Let k(q) = 3*q**2 + 72*q - 1. Give k(-23).
-70
Let g(u) = 790*u + 15802. Determine g(-20).
2
Let n(t) = -t**3 - 12*t**2 - 5*t + 164. What is n(-10)?
14
Let f(z) = 2119*z - 46629. Give f(22).
-11
Let m(g) = -221*g - 3326. Calculate m(-15).
-11
Let y(c) = -5*c**2 + 35*c - 13. Determine y(5).
37
Let r(u) = -620*u + 115939. Give r(187).
-1
Let j(h) = 1005*h + 2004. What is j(-2)?
-6
Let g(w) = 36*w + 576. What is g(-16)?
0
Let g(p) = -p**2 + 4*p + 5676. Give g(77).
55
Let t(f) = f**3 + 31*f**2 + 7*f + 224. What is t(-31)?
7
Let r(v) = -3*v**3 - 2*v**2 - 18*v - 4. Calculate r(4).
-300
Let w(v) = -v**2 - 11*v + 100. Give w(-15).
40
Let c(f) = -3*f**2 + 40*f + 72. Calculate c(21).
-411
Let l(j) = -79*j + 678. Give l(12).
-270
Let d(j) = j**3 + 47*j**2 + 278*j + 61. Give d(-7).
75
Let d(l) = 3*l**3 + 6*l**2 + 112*l + 343. Give d(-3).
-20
Let p(u) = u**3 + 8*u**2 + 71*u + 569. Determine p(-8).
1
Let x(h) = -2*h**3 - 15*h**2 - 12*h - 9. What is x(-7)?
26
Let v(b) = -b**3 + 31*b**2 - 241*b + 7507. Calculate v(31).
36
Let i(o) = 8*o - 472. Determine i(63).
32
Let p(r) = -3*r**2 - 111*r - 9. What is p(-36)?
99
Let o(c) = 2*c**3 + 6*c**2 - 186*c - 103. What is o(-11)?
7
Let l(h) = -h - 99. What is l(-115)?
16
Let w(s) = -6*s**3 - s**2 - 301. What is w(0)?
-301
Let i(r) = -6*r + 141. Determine i(14).
57
Let x(y) = 633*y + 5078. What is x(-8)?
14
Let u(k) = -5612*k - 84180. What is u(-15)?
0
Let f(q) = 2*q**3 + 28*q**2 - 94*q - 892. Calculate f(-15).
68
Let v(u) = 65*u**2 - 132*u - 4. What is v(2)?
-8
Let d(x) = 12*x + 15. Calculate d(-2).
-9
Let o(n) = n**3 + 23*n**2 + 48*n + 9. What is o(-21)?
-117
Let g(y) = -12*y - 334. Determine g(-20).
-94
Let j(a) = 2*a**2 - 36*a - 267. Calculate j(-6).
21
Let w(a) = -a**2 - 29*a + 1324. Determine w(26).
-106
Let c(z) = z**2 + 1714*z + 6838. Determine c(-4).
-2
Let c(b) = -b**2 - 14*b + 1805. Give c(36).
5
Let v(z) = -z**2 - 16*z - 11. Calculate v(8).
-203
Let h(z) = z**3 - 18*z**2 + 37*z - 1041. Determine h(19).
23
Let o(j) = -j**2 + 17*j + 34. Calculate o(27).
-236
Let o(s) = 53*s + 3185. Determine o(-61).
-48
Let v(i) = i**3 + 18*i**2 + 30*i + 47. What is v(-14)?
411
Let f(b) = -551*b + 4399. Determine f(8).
-9
Let i(d) = -2*d - 33. Give i(-15).
-3
Let w(q) = -q**2 + 5*q + 1760. Give w(44).
44
Let q(d) = -d**3 - 25*d**2 + 286*d - 680. What is q(-34)?
0
Let q(i) = 2*i**2 + 7*i + 23. Give q(-5).
38
Let d(r) = 4*r**2 + 84*r + 419. What is d(-12)?
-13
Let z(n) = -n**3 - 5*n**2 + 90*n + 241. Give z(-11).
-23
Let c(y) = -853*y - 3425. Calculate c(-4).
-13
Let b(h) = h**2 + 46*h + 251. Calculate b(-13).
-178
Let v(o) = -o**3 - 56*o**2 - 419*o + 29. Calculate v(-9).
-7
Let j(k) = 53*k - 799. Calculate j(15).
-4
Let j(z) = -860*z + 5183. Calculate j(6).
23
Let z(u) = u**3 + 8*u**2 - 27*u - 37. Give z(-10).
33
Let a(o) = -280*o + 1125. Determine a(4).
5
Let l(g) = g**2 - 17*g + 94. Determine l(9).
22
Let w(i) = -618*i - 4318. Calculate w(-7).
8
Let u(n) = -83*n**2 - 3. What is u(2)?
-335
Let p(i) = -37*i**2 + 46*i + 3. Determine p(5).
-692
Let o(d) = -100*d**2 + 632*d + 4. Give o(7).
-472
Let v(t) = t**2 + 12*t - 358. What is v(14)?
6
Let n(u) = -61*u + 373. What is n(6)?
7
Let m(p) = p**3 + 4*p**2 - 37*p - 146. Calculate m(-6).
4
Let v(r) = r**2 + 104*r - 15. What is v(-104)?
-15
Let w(v) = -136*v - 830. Calculate w(-6).
-14
Let j(q) = -q**3 + 9*q**2 + 23*q - 19. Calculate j(12).
-175
Let x(s) = -53*s + 1737. Calculate x(33).
-12
Let q(a) = -26*a + 95. Determine q(7).
-87
Let t(r) = 5*r**3 + 6*r**2 - 2*r - 25. Calculate t(-4).
-241
Let k(x) = x - 114. What is k(-24)?
-138
Let z(i) = -21*i**2 + 207*i - 1153. Give z(6).
-667
Let i(l) = -1137*l - 55723. Give i(-49).
-10
Let q(l) = 527*l - 1049. Calculate q(2).
5
Let r(s) = -837*s - 15070. Determine r(-18).
-4
Let t(v) = -6*v**3 - 283*v**2 + 242*v + 121. What is t(-48)?
25
Let f(q) = q**3 - 5*q**2 - 4*q + 14. What is f(5)?
-6
Let u(g) = 775*g - 69. Determine u(1).
706
Let p(u) = -10*u**2 - 1497*u + 11456. Calculate p(-157).
-5
Let u(x) = -12*x**2 + 186*x + 180. What is u(-1)?
-18
Let q(c) = c**2 + 7*c - 61. What is q(-14)?
37
Let r(t) = t**3 + 34*t**2 - 203*t - 325. Give r(-39).
-13
Let w(c) = -c**3 - 19*c**2 + 3*c + 24. Give w(-19).
-33
Let n(k) = 16*k**2 + 14*k - 16. Give n(1).
14
Let i(u) = -21*u**2 - 6*u - 30. Calculate i(-4).
-342
Let g(m) = 1664*m + 359420. Determine g(-216).
-4
Let k(m) = -387*m + 789. Calculate k(2).
15
Let w(h) = 96*h + 9306. Give w(-97).
-6
Let v(k) = 2*k**2 - 4*k - 457. What is v(-14)?
-9
Let j(p) = 18*p**2 + 2179*p + 6377. What is j(-3)?
2
Let f(g) = 2*g**3 - 113*g**2 + 1602*g - 357. Give f(30).
3
Let i(r) = -r + 7. Calculate i(10).
-3
Let y(j) = -97*j + 87. Calculate y(1).
-10
Let x(o) = -12*o**2 - 667*o + 223. Calculate x(-56).
-57
Let g(f) = -f**3 + 52*f**2 - 353*f + 184. Determine g(44).
140
Let h(v) = 2*v**2 - 426*v - 12972. Determine h(240).
-12
Let p(w) = w**3 + 4*w**2 - 6*w + 90. Give p(-8).
-118
Let q(t) = -t**2 - 32*t - 33. Calculate q(-28).
79
Let f(p) = 10*p**3 + 51*p**2 - 5*p + 2. Determine f(-5).
52
Let d(t) = -2*t**2 + 29*t + 627. Calculate d(-13).
-88
Let i(j) = -1146*j + 5700. Calculate i(5).
-30
Let s(k) = 1059*k + 1062. Determine s(-1).
3
Let w(j) = -84*j - 602. What is w(-6)?
-98
Let h(y) = y**2 - 37*y + 349. What is h(29)?
117
Let t(h) = -5*h - 52. Give t(-28).
88
Let i(v) = 4*v + 69. Determine i(5).
89
Let g(p) = -181*p + 1442. Calculate g(8).
-6
Let d(g) = 93*g + 677. Calculate d(-9).
-160
Let s(p) = -3*p**2 - 5*p + 56. Give s(-5).
6
Let c(r) = -2*r**3 - 18*r**2 - 63*r + 9. Determine c(-8).
385
Let x(c) = -8*c**2 + 19*c + 261. What is x(7)?
2
Let i(a) = 65*a - 447. Give i(6).
-57
Let u(n) = -n**3 + 58*n**2 - 43*n - 836. Determine u(57).
-38
Let y(g) = 404*g + 816. What is y(-2)?
8
Let l(t) = 6*t**2 - 14*t + 12. Determine l(-5).
232
Let j(y) = -7*y - 188. What is j(-14)?
-90
Let h(v) = 125*v**2 + 125*v + 239. Determine h(-2).
489
Let o(y) = 6*y**2 - 59*y + 108. Give o(8).
20
Let z(y) = 24*y**2 - 4*y - 41. Calculate z(3).
163
Let x(z) = 5*z**2 - 3*z - 14. What is x(6)?
148
Let r(s) = s**3 - 39*s**2 - 38*s + 337. What is r(40)?
417
Let o(f) = -f**3 + f**2 - 42*f - 8. Determine o(9).
-1034
Let t(k) = 26*k + 207. Give t(-29).
-547
Let d(u) = 5*u*